 + 0?
-14
In base 8, what is -123 - -6?
-115
In base 15, what is -6 + -10?
-16
In base 9, what is 81 + -60?
21
In base 3, what is -10000101 + -10?
-10000111
In base 16, what is -1 - 4?
-5
In base 3, what is -110 - -101?
-2
In base 15, what is 3 + 6a?
6d
In base 2, what is 1 + 1000?
1001
In base 4, what is 12 - 32?
-20
In base 11, what is -8a - -6?
-84
In base 16, what is 20 + -11?
f
In base 5, what is -13 - 14?
-32
In base 10, what is -60 - 9?
-69
In base 4, what is -11 - -220332?
220321
In base 14, what is 1 + 437?
438
In base 13, what is 46 - -11?
57
In base 4, what is 3231 + -3?
3222
In base 12, what is 6069 + -4?
6065
In base 13, what is -5c0 + -4?
-5c4
In base 11, what is 3 + -30?
-28
In base 10, what is 32 + -8?
24
In base 10, what is -20 + -34?
-54
In base 15, what is -e + 0?
-e
In base 8, what is -47 - -1?
-46
In base 9, what is 0 + -1378?
-1378
In base 12, what is 15b + -24?
137
In base 4, what is -3 + -12213?
-12222
In base 15, what is -37 - -15?
-22
In base 6, what is 21 - -1?
22
In base 13, what is 1158 - -4?
115c
In base 11, what is -398a + -3?
-3992
In base 7, what is 3 + 34?
40
In base 4, what is 10 + -10?
0
In base 5, what is -4 + -343?
-402
In base 13, what is 13b - 16?
125
In base 16, what is d - 36?
-29
In base 13, what is 7 + -328?
-321
In base 5, what is 0 + 230?
230
In base 6, what is -2350 - -31?
-2315
In base 9, what is 713 + -2?
711
In base 6, what is 4 - 4304?
-4300
In base 3, what is -202121012 + -12?
-202121101
In base 4, what is -11 - -2001?
1330
In base 7, what is -3 - 14?
-20
In base 16, what is 0 + -8b7?
-8b7
In base 9, what is -1 - 15?
-16
In base 3, what is 2 - -2102020?
2102022
In base 2, what is 1100011 + 1110?
1110001
In base 11, what is -1 - -111?
110
In base 12, what is -4 - 193?
-197
In base 13, what is 1 + -276?
-275
In base 16, what is 3 - -1784?
1787
In base 12, what is 135 + 7?
140
In base 13, what is 2 - -2c?
31
In base 16, what is -58 - 1a?
-72
In base 7, what is 126 + 0?
126
In base 2, what is 111 - 1011111?
-1011000
In base 12, what is -1 - b?
-10
In base 12, what is 47 + 6?
51
In base 14, what is -2 - -a8?
a6
In base 11, what is 0 - 141?
-141
In base 16, what is 333 + -8?
32b
In base 16, what is 125 - -5?
12a
In base 11, what is -5328 + -1?
-5329
In base 2, what is 0 + 11100101001?
11100101001
In base 5, what is 4 + -40?
-31
In base 9, what is -1 + -46?
-47
In base 12, what is 1a24 + -5?
1a1b
In base 8, what is -17 - -22?
3
In base 2, what is -100100100101 - 10?
-100100100111
In base 3, what is 1102110 - -11?
1102121
In base 3, what is 1 + -101122020?
-101122012
In base 11, what is 4a66 + -2?
4a64
In base 5, what is 224 - -213?
442
In base 2, what is 10000001 + 101?
10000110
In base 7, what is -13 + -63?
-106
In base 7, what is 11351 + -3?
11345
In base 5, what is 1314 + 4?
1323
In base 13, what is -9808 + -5?
-9810
In base 12, what is 17 + -140?
-125
In base 5, what is 12411 - 0?
12411
In base 5, what is 1130 - 24?
1101
In base 7, what is 53144 + -3?
53141
In base 4, what is -2 - -1301?
1233
In base 16, what is 3dee - 5?
3de9
In base 16, what is -65 + -a?
-6f
In base 8, what is -2 - 211?
-213
In base 14, what is 0 + -28b?
-28b
In base 4, what is -301 + -1?
-302
In base 6, what is 5 + 202?
211
In base 4, what is 11 + -21210?
-21133
In base 3, what is -2 - 210222?
-211001
In base 11, what is 5 + 42?
47
In base 10, what is -1013 + -24?
-1037
In base 16, what is -2 - 2f3?
-2f5
In base 15, what is -3b + 2?
-39
In base 10, what is 17 - 502?
-485
In base 7, what is -162 - 2?
-164
In base 8, what is 40 + 205?
245
In base 4, what is -313 + -3022?
-10001
In base 12, what is -3 - a84?
-a87
In base 2, what is 11 - -10010?
10101
In base 6, what is -15 - 301?
-320
In base 10, what is 47 - 109?
-62
In base 15, what is 37 - 5?
32
In base 6, what is -100 + 504?
404
In base 3, what is -2020 - -1?
-2012
In base 4, what is 112130 + -12?
112112
In base 8, what is -2130 + 1?
-2127
In base 12, what is 2 - 90?
-8a
In base 14, what is -1 - -33?
32
In base 11, what is 2 - 65?
-63
In base 14, what is 158 + 1?
159
In base 16, what is db7 - -3?
dba
In base 10, what is -13 - -58?
45
In base 15, what is 84a + -4?
846
In base 13, what is 2 + 27?
29
In base 5, what is 234 + 3?
242
In base 14, what is 3b90 + 4?
3b94
In base 13, what is 2 - -28c?
291
In base 10, what is 40 - -25?
65
In base 11, what is -1 + -279?
-27a
In base 6, what is -15 + -15?
-34
In base 16, what is -6 + 101?
fb
In base 5, what is 3 + -224?
-221
In base 4, what is 111203 + -11?
111132
In base 5, what is 13021 + 2?
13023
In base 4, what is -11 - -10332?
10321
In base 16, what is -a - 2?
-c
In base 15, what is -97 - 3e?
-d6
In base 10, what is -201 - -27?
-174
In base 10, what is -1867 + -2?
-1869
In base 7, what is 16 - 62?
-43
In base 3, what is 10012000 + 1?
10012001
In base 13, what is 5 + -1?
4
In base 9, what is -2 + -334?
-336
In base 16, what is 7 + 16?
1d
In base 10, what is -140 - -3?
-137
In base 12, what is -19 - 8a?
-a7
In base 11, what is -217 - -4?
-213
In base 15, what is -1e - -4e?
30
In base 12, what is -265 - 12?
-277
In base 3, what is 100200202 + 1?
100200210
In base 12, what is -79 - 38?
-b5
In base 14, what is 4c + 1?
4d
In base 4, what is -3 + 303130?
303121
In base 7, what is -2125 + 32?
-2063
In base 2, what is -1 - 100010?
-100011
In base 14, what is -2d + -1?
-30
In base 12, what is 51 - -15?
66
In base 2, what is -1111001 - 100?
-1111101
In base 14, what is 3 - -38?
3b
In base 9, what is -363 + -2?
-365
In base 8, what is -1271 - 3?
-1274
In base 2, what is -10 - -1100000110?
1100000100
In base 7, what is 103 - -10?
113
In base 3, what is -102212 + 212?
-102000
In base 8, what is 43 - 15?
26
In base 11, what is 0 - -49?
49
In base 4, what is -31 + 313?
222
In base 12, what is 2 - -5?
7
In base 11, what is 91 + 66?
147
In base 3, what is -21 - -11121?
11100
In base 15, what is -1 + -19a?
-19b
In base 7, what is -4 - 1246?
-1253
In base 14, what is -11 + -17c?
-18d
In base 4, what is 130332 + -10?
130322
In base 14, what is -a4 + 10?
-94
In base 8, what is 1 + -143?
-142
In base 16, what is -989 - 1?
-98a
In base 8, what is 360 + 47?
427
In base 3, what is -12221 + 211?
-12010
In base 6, what is -5 + 3511?
3502
In base 2, what is 1010110111 + 100?
1010111011
In base 3, what is 11 + -121?
-110
In base 10, what is 85 + 6?
91
In base 6, what is 1 + -152?
-151
In base 6, what is 20 - 210?
-150
In base 7, what is -4 + 1114?
1110
In base 3, what is 1210022 - 10?
1210012
In base 11, what is 9 + 6?
14
In base 15, what is 1d - 10?
d
In base 3, what is -2 - 2122?
-2201
In base 11, what is 346 + -4?
342
In base 4, what is -11210 + 0?
-11210
In base 5, what is -23 + 2134?
2111
In base 3, what is 2122 - -2?
2201
In base 8, what is -12 - -124?
112
In base 9, what is -1 + 1178?
1177
In base 13, what is 21a + -1?
219
In base 8, what is -36 - 7?
-45
In base 5, what is 204 + 2?
211
In base 2, what is -1100000011 + 11?
-1100000000
In base 5, what is 134230 + 4?
134234
In base 16, what is 3 - 337?
-334
In base 15, what is -5 - -4e?
49
In base 13, what is a5 - -45?
11a
In base 7, what is 315 - 1?
314
In base 6, what is -213 - 1?
-214
In base 5, what is -43021 - 2?
-43023
In base 2, what is -10101000011110 + -10?
-10101000100000
In base 10, what is -61 + 6?
-55
In base 14, what is 0 + -1a?
-1a
In base 15, what is 0 + 22?
22
In base 12, what is 0 + -47?
-47
In base 3, what is 10 - -12011?
12021
In base 7, what is 3 - 1141?
-1135
In base 5, what is 24240 + 0?
24240
In base 7, what is 1 + 115?
116
In base 10, what is 25 + -81?
-56
In base 13, what is 3c + -7?
35
In base 10, what is -7 + 2?
-5
In base 11, what is -1970 - 3?
-1973
In base 15, what is 5 + -42e?
-429
In base 13, what is 12 + 18b?
1a0
In base 6, what is 23 + 1012?
1035
In base 16, what is 2a - 29?
1
In base 15, what is -4 + -c?
-11
In base 5, what is 22 - -1331?
1403
In base 2, what is -1 - -11101101001?
11101101000
In base 15, what is -28 + 87?
5e
In base 14, what is -2 - 3a3?
-3a5
In base 4, what is -3021 + -3?
-3030
In base 5, what is -11 + 23?
12
In base 11, what is -4 + 379?
375
In base 9, what is -321 + 32?
-278
In base 10, what is -20 - 15?
-35
In base 11, what is 3 + 1730?
1733
In base 14, what is 144 - 3?
141
In base 8, what is 21561 + -5?
21554
In base 11, what is 25 + 25?
4a
In b